{"id":788,"date":"2020-06-26T22:19:20","date_gmt":"2020-06-26T22:19:20","guid":{"rendered":"https:\/\/avadawebsites.wpengine.com\/marketing-consultant\/?post_type=avada_faq&#038;p=788"},"modified":"2024-06-14T13:39:00","modified_gmt":"2024-06-14T11:39:00","slug":"mauris-porta-interdum-risus-at-scelerisque-ante-faucibus-porttitor-erat-sit","status":"publish","type":"avada_faq","link":"https:\/\/www.reduxi.eu\/fi\/faq-items\/mauris-porta-interdum-risus-at-scelerisque-ante-faucibus-porttitor-erat-sit\/","title":{"rendered":"Miten Reduxi integroituu varojen mittaamiseen?"},"content":{"rendered":"<p>Verkkoa varten Reduxi muodostaa yhteyden \u00e4lykk\u00e4\u00e4seen mittariin ker\u00e4t\u00e4kseen tietoja ja n\u00e4kemyksi\u00e4 verkkotason toiminnoista. Jokaisessa laitteessa on my\u00f6s energiamittari, joka antaa yksityiskohtaista tietoa sen suorituskyvyst\u00e4. Jos \u00e4lymittari ei tue t\u00e4t\u00e4 integraatiota, voimme hy\u00f6dynt\u00e4\u00e4 ylim\u00e4\u00e4r\u00e4ist\u00e4 tuettua s\u00e4hk\u00f6\u00e4 mittaavaa \u00e4lymittaria tarkan mittauksen ja seurannan varmistamiseksi.<\/p>","protected":false},"excerpt":{"rendered":"<p>For the grid, Reduxi connects to the smart meter to [&#8230;]<\/p>\n","protected":false},"author":1,"featured_media":0,"menu_order":0,"template":"","format":"standard","meta":{"footnotes":""},"faq_category":[],"class_list":["post-788","avada_faq","type-avada_faq","status-publish","format-standard","hentry"],"_links":{"self":[{"href":"https:\/\/www.reduxi.eu\/fi\/wp-json\/wp\/v2\/avada_faq\/788","targetHints":{"allow":["GET"]}}],"collection":[{"href":"https:\/\/www.reduxi.eu\/fi\/wp-json\/wp\/v2\/avada_faq"}],"about":[{"href":"https:\/\/www.reduxi.eu\/fi\/wp-json\/wp\/v2\/types\/avada_faq"}],"author":[{"embeddable":true,"href":"https:\/\/www.reduxi.eu\/fi\/wp-json\/wp\/v2\/users\/1"}],"version-history":[{"count":1,"href":"https:\/\/www.reduxi.eu\/fi\/wp-json\/wp\/v2\/avada_faq\/788\/revisions"}],"predecessor-version":[{"id":3102,"href":"https:\/\/www.reduxi.eu\/fi\/wp-json\/wp\/v2\/avada_faq\/788\/revisions\/3102"}],"wp:attachment":[{"href":"https:\/\/www.reduxi.eu\/fi\/wp-json\/wp\/v2\/media?parent=788"}],"wp:term":[{"taxonomy":"faq_category","embeddable":true,"href":"https:\/\/www.reduxi.eu\/fi\/wp-json\/wp\/v2\/faq_category?post=788"}],"curies":[{"name":"wp","href":"https:\/\/api.w.org\/{rel}","templated":true}]}}

<p>Verkkoa varten Reduxi muodostaa yhteyden älykkääseen mittariin kerätäkseen tietoja ja näkemyksiä verkkotason toiminnoista. Jokaisessa laitteessa on myös energiamittari, joka antaa yksityiskohtaista tietoa sen suorituskyvystä. Jos älymittari ei tue tätä integraatiota, voimme hyödyntää ylimääräistä tuettua sähköä mittaavaa älymittaria tarkan mittauksen ja seurannan varmistamiseksi.</p>
